{"id":767,"date":"2026-01-14T15:40:31","date_gmt":"2026-01-14T14:40:31","guid":{"rendered":"https:\/\/kspc.diecezjabielsko.pl\/?page_id=767"},"modified":"2026-04-10T14:11:47","modified_gmt":"2026-04-10T12:11:47","slug":"jadlospis","status":"publish","type":"page","link":"https:\/\/kspcieszyn.diecezjabielsko.pl\/index.php\/jadlospis\/","title":{"rendered":"Jad\u0142ospis"},"content":{"rendered":"<p>[et_pb_section fb_built=&#8221;1&#8243; admin_label=&#8221;Header&#8221; _builder_version=&#8221;4.27.5&#8243; _module_preset=&#8221;93fc173a-8ddb-4895-b0ef-bfcf1d5f7dc6&#8243; use_background_color_gradient=&#8221;off&#8221; background_enable_image=&#8221;off&#8221; locked=&#8221;off&#8221; collapsed=&#8221;on&#8221; global_colors_info=&#8221;{%22gcid-1f1bf5fb-a99d-4acc-8d9e-ddac074c158c%22:%91%22background_color_gradient_stops%22,%22background_color_gradient_stops%22%93,%22gcid-4c79ba3d-a281-4fb6-9b14-02f9a4c793f2%22:%91%22background_color_gradient_stops%22,%22background_color_gradient_stops%22%93,%22gcid-688c464a-d6f2-4296-b592-395352c71c79%22:%91%22background_color_gradient_stops%22,%22background_color_gradient_stops%22%93,%22gcid-d119accd-44d7-4f2f-b9d7-599c8463324b%22:%91%22background_color_gradient_stops%22,%22background_color_gradient_stops%22%93}&#8221;][et_pb_row _builder_version=&#8221;4.25.1&#8243; _module_preset=&#8221;default&#8221; global_colors_info=&#8221;{}&#8221;][et_pb_column type=&#8221;4_4&#8243; _builder_version=&#8221;4.25.1&#8243; _module_preset=&#8221;default&#8221; global_colors_info=&#8221;{}&#8221;][et_pb_post_title _builder_version=&#8221;4.27.5&#8243; _module_preset=&#8221;default&#8221; global_colors_info=&#8221;{}&#8221;][\/et_pb_post_title][et_pb_divider color=&#8221;#0C71C3&#8243; _builder_version=&#8221;4.27.5&#8243; _module_preset=&#8221;default&#8221; global_colors_info=&#8221;{}&#8221;][\/et_pb_divider][\/et_pb_column][\/et_pb_row][et_pb_row column_structure=&#8221;1_2,1_2&#8243; _builder_version=&#8221;4.25.1&#8243; _module_preset=&#8221;default&#8221; global_colors_info=&#8221;{}&#8221;][et_pb_column type=&#8221;1_2&#8243; _builder_version=&#8221;4.25.1&#8243; _module_preset=&#8221;default&#8221; global_colors_info=&#8221;{}&#8221;][et_pb_text _builder_version=&#8221;4.27.5&#8243; _module_preset=&#8221;default&#8221; global_colors_info=&#8221;{}&#8221;]<\/p>\n<h4><span>KONTO DO OP\u0141ACANIA OBIAD\u00d3W<\/span><br \/><span>(p\u0142atne do 5-go danego miesi\u0105ca)<\/span><\/h4>\n<p><span>Stowarzyszenie \u201eDziedzictwo \u015bw. Jana Sarkandra\u201d<br \/><\/span><span>43-400 Cieszyn Pl. Dominika\u0144ski 2<br \/><\/span><span>03 8113 0007 2001 0000 9986 0007<\/span><\/p>\n<p><span>tytu\u0142em:<br \/>imi\u0119 i nazwisko ucznia, klasa, miesi\u0105c, kt\u00f3rego dotyczy op\u0142ata<\/span><\/p>\n<p><span>Deklaracje na obiady mo\u017cna otrzyma\u0107 u wychowawcy lub w sekretariacie<\/span><\/p>\n<ul>\n<li><span style=\"color: #ff0000;\">Obiady wyg\u0142aszamy\u00a0<span style=\"text-decoration: underline;\"><strong>w dniu poprzedzaj\u0105cym<\/strong><\/span>\u00a0nieobecno\u015b\u0107 na obiedzie\u00a0<span style=\"text-decoration: underline;\"><strong>do godz. 13.30!!!<\/strong><\/span><\/span><\/li>\n<li><span style=\"color: #ff0000;\">(w pi\u0105tek do godz. 13.30 wyg\u0142aszamy obiady na poniedzia\u0142ek)<\/span><\/li>\n<li><span style=\"color: #ff0000;\">W sobot\u0119 i w niedziel\u0119 nie wyg\u0142aszamy obiad\u00f3w na poniedzia\u0142ek!!!<\/span><\/li>\n<\/ul>\n<p>[\/et_pb_text][\/et_pb_column][et_pb_column type=&#8221;1_2&#8243; _builder_version=&#8221;4.25.1&#8243; _module_preset=&#8221;default&#8221; global_colors_info=&#8221;{}&#8221;][et_pb_image src=&#8221;https:\/\/kspcieszyn.diecezjabielsko.pl\/wp-content\/uploads\/2026\/01\/jadlospis25-1536&#215;864-1.jpg&#8221; title_text=&#8221;jadlospis25-1536&#215;864&#8243; _builder_version=&#8221;4.27.5&#8243; _module_preset=&#8221;default&#8221; global_colors_info=&#8221;{}&#8221;][\/et_pb_image][\/et_pb_column][\/et_pb_row][et_pb_row _builder_version=&#8221;4.27.5&#8243; _module_preset=&#8221;default&#8221; global_colors_info=&#8221;{}&#8221;][et_pb_column type=&#8221;4_4&#8243; _builder_version=&#8221;4.25.1&#8243; _module_preset=&#8221;default&#8221; global_colors_info=&#8221;{}&#8221;][et_pb_text _builder_version=&#8221;4.27.5&#8243; _module_preset=&#8221;default&#8221; width=&#8221;99.8%&#8221; custom_padding=&#8221;||0px|||&#8221; global_colors_info=&#8221;{}&#8221;]<\/p>\n<h2><strong>Jad\u0142ospis <\/strong><strong>od 13 do 17 kwietnia 2026<\/strong><\/h2>\n<p>poniedzia\u0142ek 13 kwietnia 2026<\/p>\n<p>obiad: \u017curek z ziemniakami i kie\u0142bask\u0105 (porcja roso\u0142owa drobiowa, marchew, pietruszka korze\u0144, seler, ziemniaki, zakwas \u017curku, kie\u0142basa, \u015bmietana, przyprawy, s\u00f3l), kluski na parze z musem truskawkowym (kluski na parze, truskawki, cukier), kompot (mieszanka kompotowa, cukier)<\/p>\n<p>wtorek 14 kwietnia 2026<\/p>\n<p>obiad: ros\u00f3\u0142 z makaronem (porcja roso\u0142owa drobiowa, kurczak, marchew, pietruszka korze\u0144, seler, por, natka pietruszki, makaron pszenny, przyprawy, s\u00f3l) , kurczak pieczony (kurczak, olej, przyprawy, s\u00f3l), sa\u0142atka z bia\u0142ej kapusty i marchewki (kapusta bia\u0142a, marchew, olej, cukier, s\u00f3l), ziemniaki (ziemniaki, s\u00f3l), kompot (mieszanka kompotowa, cukier)<\/p>\n<p>\u015broda 15 kwietnia 2026<\/p>\n<p>obiad: zupa jarzynowa z tartym ciastem (porcja roso\u0142owa drobiowa, marchew, pietruszka korze\u0144, seler, mieszanka warzyw 7 sk\u0142adnikowa, \u015bmietana, makaron tarte ciasto, przyprawy, s\u00f3l), pulpety wieprzowe w sosie pomidorowym (\u0142opatka wieprzowa, cebula, olej, bu\u0142ka pszenna, jaja, przyprawy,olej, cebula, koncentrat pomidorowy, m\u0105ka pszenna, \u015bmietana, s\u00f3l ), ziemniaki (ziemniaki, s\u00f3l), kompot (mieszanka kompotowa, cukier)<\/p>\n<p>czwartek 16 kwietnia 2026<\/p>\n<p>obiad: zupa z koperkowa z ziemniakami (porcja roso\u0142owa drobiowa, marchew, pietruszka korze\u0144, seler, ziemniaki, koperek, w\u0142oszczyzna, \u015bmietana, ma\u015blanka, przyprawy, s\u00f3l), gulasz wieprzowy z warzywami (\u0142opatka wieprzowa, cebula, olej, w\u0142oszczyzna, m\u0105ka pszenna, przyprawy, s\u00f3l) , kasza j\u0119czmienna na sypko (kasza j\u0119czmienna, s\u00f3l) kompot (mieszanka kompotowa, cukier)<\/p>\n<p>pi\u0105tek 17 kwietnia 2026<\/p>\n<p>obiad: zupa grysikowa z warzywami (porcja roso\u0142owa drobiowa, marchew, pietruszka korze\u0144, seler, kasza manna, w\u0142oszczyzna, przyprawy, s\u00f3l), ryba panierowana (miruna, jaja, m\u0105ka pszenna, bu\u0142ka tarta, s\u00f3l, olej), sa\u0142atka z og\u00f3rka kiszonego i marchwi (og\u00f3rek kiszony, marchew, olej, cukier), ziemniaki (ziemniaki, s\u00f3l), kompot (mieszanka kompotowa, cukier)<\/p>\n<p>[\/et_pb_text][\/et_pb_column][\/et_pb_row][\/et_pb_section]<\/p>\n","protected":false},"excerpt":{"rendered":"<p>KONTO DO OP\u0141ACANIA OBIAD\u00d3W(p\u0142atne do 5-go danego miesi\u0105ca) Stowarzyszenie \u201eDziedzictwo \u015bw. Jana Sarkandra\u201d43-400 Cieszyn Pl. Dominika\u0144ski 203 8113 0007 2001 0000 9986 0007 tytu\u0142em:imi\u0119 i nazwisko ucznia, klasa, miesi\u0105c, kt\u00f3rego dotyczy op\u0142ata Deklaracje na obiady mo\u017cna otrzyma\u0107 u wychowawcy lub w sekretariacie Obiady wyg\u0142aszamy\u00a0w dniu poprzedzaj\u0105cym\u00a0nieobecno\u015b\u0107 na obiedzie\u00a0do godz. 13.30!!! (w pi\u0105tek do godz. 13.30 [&hellip;]<\/p>\n","protected":false},"author":4,"featured_media":0,"parent":0,"menu_order":0,"comment_status":"closed","ping_status":"closed","template":"","meta":{"_et_pb_use_builder":"on","_et_pb_old_content":"","_et_gb_content_width":"","footnotes":""},"class_list":["post-767","page","type-page","status-publish","hentry"],"_links":{"self":[{"href":"https:\/\/kspcieszyn.diecezjabielsko.pl\/index.php\/wp-json\/wp\/v2\/pages\/767","targetHints":{"allow":["GET"]}}],"collection":[{"href":"https:\/\/kspcieszyn.diecezjabielsko.pl\/index.php\/wp-json\/wp\/v2\/pages"}],"about":[{"href":"https:\/\/kspcieszyn.diecezjabielsko.pl\/index.php\/wp-json\/wp\/v2\/types\/page"}],"author":[{"embeddable":true,"href":"https:\/\/kspcieszyn.diecezjabielsko.pl\/index.php\/wp-json\/wp\/v2\/users\/4"}],"replies":[{"embeddable":true,"href":"https:\/\/kspcieszyn.diecezjabielsko.pl\/index.php\/wp-json\/wp\/v2\/comments?post=767"}],"version-history":[{"count":16,"href":"https:\/\/kspcieszyn.diecezjabielsko.pl\/index.php\/wp-json\/wp\/v2\/pages\/767\/revisions"}],"predecessor-version":[{"id":1319,"href":"https:\/\/kspcieszyn.diecezjabielsko.pl\/index.php\/wp-json\/wp\/v2\/pages\/767\/revisions\/1319"}],"wp:attachment":[{"href":"https:\/\/kspcieszyn.diecezjabielsko.pl\/index.php\/wp-json\/wp\/v2\/media?parent=767"}],"curies":[{"name":"wp","href":"https:\/\/api.w.org\/{rel}","templated":true}]}}