{"id":478,"date":"2026-01-11T21:58:08","date_gmt":"2026-01-11T20:58:08","guid":{"rendered":"https:\/\/kspc.diecezjabielsko.pl\/?page_id=478"},"modified":"2026-01-14T15:28:40","modified_gmt":"2026-01-14T14:28:40","slug":"sukcesy-uczniow","status":"publish","type":"page","link":"https:\/\/kspcieszyn.diecezjabielsko.pl\/index.php\/sukcesy-uczniow\/","title":{"rendered":"Sukcesy Uczni\u00f3w"},"content":{"rendered":"<p>[et_pb_section fb_built=&#8221;1&#8243; admin_label=&#8221;Video&#8221; _builder_version=&#8221;4.25.1&#8243; _module_preset=&#8221;default&#8221; locked=&#8221;off&#8221; collapsed=&#8221;on&#8221; global_colors_info=&#8221;{}&#8221; theme_builder_area=&#8221;post_content&#8221;][et_pb_row _builder_version=&#8221;4.27.5&#8243; _module_preset=&#8221;default&#8221; global_colors_info=&#8221;{}&#8221; theme_builder_area=&#8221;post_content&#8221;][et_pb_column type=&#8221;4_4&#8243; _builder_version=&#8221;4.27.5&#8243; _module_preset=&#8221;default&#8221; global_colors_info=&#8221;{}&#8221; theme_builder_area=&#8221;post_content&#8221;][et_pb_post_title _builder_version=&#8221;4.27.5&#8243; _module_preset=&#8221;default&#8221; theme_builder_area=&#8221;post_content&#8221;][\/et_pb_post_title][\/et_pb_column][\/et_pb_row][et_pb_row _builder_version=&#8221;4.25.1&#8243; _module_preset=&#8221;default&#8221; locked=&#8221;off&#8221; global_colors_info=&#8221;{}&#8221; theme_builder_area=&#8221;post_content&#8221;][et_pb_column type=&#8221;4_4&#8243; _builder_version=&#8221;4.25.1&#8243; _module_preset=&#8221;default&#8221; global_colors_info=&#8221;{}&#8221; theme_builder_area=&#8221;post_content&#8221;][et_pb_heading title=&#8221;\u201eTalent wygrywa mecze, ale charakter wygrywa mistrzostwa.\u201d \u2013 Michael Jordan&#8221; _builder_version=&#8221;4.27.5&#8243; _module_preset=&#8221;default&#8221; theme_builder_area=&#8221;post_content&#8221; hover_enabled=&#8221;0&#8243; sticky_enabled=&#8221;0&#8243; title_text_align=&#8221;center&#8221;][\/et_pb_heading][\/et_pb_column][\/et_pb_row][\/et_pb_section][et_pb_section fb_built=&#8221;1&#8243; admin_label=&#8221;Header&#8221; _builder_version=&#8221;4.27.5&#8243; _module_preset=&#8221;93fc173a-8ddb-4895-b0ef-bfcf1d5f7dc6&#8243; background_image=&#8221;https:\/\/kspcieszyn.diecezjabielsko.pl\/wp-content\/uploads\/2026\/01\/szkola-podstawowa-cieszyn-2.jpg&#8221; locked=&#8221;off&#8221; collapsed=&#8221;on&#8221; global_colors_info=&#8221;{%22gcid-1f1bf5fb-a99d-4acc-8d9e-ddac074c158c%22:%91%22background_color_gradient_stops%22,%22background_color_gradient_stops%22%93,%22gcid-4c79ba3d-a281-4fb6-9b14-02f9a4c793f2%22:%91%22background_color_gradient_stops%22,%22background_color_gradient_stops%22%93,%22gcid-688c464a-d6f2-4296-b592-395352c71c79%22:%91%22background_color_gradient_stops%22,%22background_color_gradient_stops%22%93,%22gcid-d119accd-44d7-4f2f-b9d7-599c8463324b%22:%91%22background_color_gradient_stops%22,%22background_color_gradient_stops%22%93}&#8221; theme_builder_area=&#8221;post_content&#8221;][et_pb_row column_structure=&#8221;1_3,1_3,1_3&#8243; make_equal=&#8221;on&#8221; _builder_version=&#8221;4.27.5&#8243; _module_preset=&#8221;default&#8221; global_colors_info=&#8221;{}&#8221; theme_builder_area=&#8221;post_content&#8221;][et_pb_column type=&#8221;1_3&#8243; _builder_version=&#8221;4.27.5&#8243; _module_preset=&#8221;b7833b95-2e9d-4a64-a14a-e265ab475b11&#8243; background_color=&#8221;#0C71C3&#8243; global_colors_info=&#8221;{}&#8221; theme_builder_area=&#8221;post_content&#8221;][et_pb_heading title=&#8221;Jagoda Witkowska i Antonina Kraszewska&#8221; _builder_version=&#8221;4.27.5&#8243; _module_preset=&#8221;59f599c4-b01e-4a9b-a0a5-f7b3e354c75a&#8221; title_text_color=&#8221;#FFFFFF&#8221; custom_margin=&#8221;||10px||false|false&#8221; hover_enabled=&#8221;0&#8243; global_colors_info=&#8221;{}&#8221; theme_builder_area=&#8221;post_content&#8221; sticky_enabled=&#8221;0&#8243;][\/et_pb_heading][et_pb_text _builder_version=&#8221;4.27.5&#8243; _module_preset=&#8221;a4d5bd0b-c6df-4efa-93df-b960974f4af4&#8243; hover_enabled=&#8221;0&#8243; global_colors_info=&#8221;{}&#8221; theme_builder_area=&#8221;post_content&#8221; sticky_enabled=&#8221;0&#8243;]<\/p>\n<div class=\"unicamp-graphic-box content-wrap\">\n<div class=\"unicamp-graphic-content box-caption-wrap\">\n<div class=\"box-caption\">\n<div class=\"description\">zdoby\u0142y wyr\u00f3\u017cnienie w Mi\u0119dzyszkolnym Konkursie aktorsko-recytatorskim &#8222;Bawimy si\u0119 s\u0142owami&#8221;.<\/div>\n<\/div>\n<\/div>\n<\/div>\n<p>[\/et_pb_text][\/et_pb_column][et_pb_column type=&#8221;1_3&#8243; _builder_version=&#8221;4.25.2&#8243; _module_preset=&#8221;52115fba-d092-4238-883d-5957f46de4ce&#8221; global_colors_info=&#8221;{}&#8221; theme_builder_area=&#8221;post_content&#8221;][et_pb_heading title=&#8221;Wiktor Wr\u00f3blewski i Antek Kiere\u015b&#8221; _builder_version=&#8221;4.27.5&#8243; _module_preset=&#8221;59f599c4-b01e-4a9b-a0a5-f7b3e354c75a&#8221; title_text_color=&#8221;#0C71C3&#8243; custom_margin=&#8221;||10px||false|false&#8221; hover_enabled=&#8221;0&#8243; locked=&#8221;off&#8221; global_colors_info=&#8221;{}&#8221; theme_builder_area=&#8221;post_content&#8221; sticky_enabled=&#8221;0&#8243;][\/et_pb_heading][et_pb_text _builder_version=&#8221;4.27.5&#8243; _module_preset=&#8221;6efb6bbd-12a1-4834-b469-9798f4a40b40&#8243; hover_enabled=&#8221;0&#8243; locked=&#8221;off&#8221; global_colors_info=&#8221;{}&#8221; theme_builder_area=&#8221;post_content&#8221; sticky_enabled=&#8221;0&#8243;]<\/p>\n<div class=\"unicamp-graphic-box content-wrap\">\n<div class=\"unicamp-graphic-content box-caption-wrap\">\n<div class=\"box-caption\">\n<div class=\"description\">w Og\u00f3lnopolskich Konkursach Matematycznych &#8222;Alfik&#8221; i &#8222;Kangur&#8221; zdobyli wynik bardzo dobry.<\/div>\n<\/div>\n<\/div>\n<\/div>\n<p>[\/et_pb_text][\/et_pb_column][et_pb_column type=&#8221;1_3&#8243; _builder_version=&#8221;4.25.2&#8243; _module_preset=&#8221;b2afa376-ca13-4be9-8294-3d2b586e8a03&#8243; global_colors_info=&#8221;{}&#8221; theme_builder_area=&#8221;post_content&#8221;][et_pb_heading title=&#8221;Antonina Kraszewska&#8221; _builder_version=&#8221;4.25.2&#8243; _module_preset=&#8221;59f599c4-b01e-4a9b-a0a5-f7b3e354c75a&#8221; title_text_color=&#8221;#FFFFFF&#8221; custom_margin=&#8221;||10px||false|false&#8221; locked=&#8221;off&#8221; global_colors_info=&#8221;{}&#8221; theme_builder_area=&#8221;post_content&#8221;][\/et_pb_heading][et_pb_text _builder_version=&#8221;4.27.5&#8243; _module_preset=&#8221;a4d5bd0b-c6df-4efa-93df-b960974f4af4&#8243; locked=&#8221;off&#8221; global_colors_info=&#8221;{}&#8221; theme_builder_area=&#8221;post_content&#8221;]<\/p>\n<div class=\"unicamp-graphic-box content-wrap\">\n<div class=\"unicamp-graphic-content box-caption-wrap\">\n<div class=\"box-caption\">\n<div class=\"description\">zdoby\u0142a nagrod\u0119 Grand Prix w Diecezjalnym Konkursie Pie\u015bni Patriotycznej oraz w Mi\u0119dzynarodowym Ekumenicznym Konkursie Piosenki &#8222;Jonasz&#8221;.<\/div>\n<\/div>\n<\/div>\n<\/div>\n<p>[\/et_pb_text][\/et_pb_column][\/et_pb_row][et_pb_row column_structure=&#8221;1_3,1_3,1_3&#8243; make_equal=&#8221;on&#8221; _builder_version=&#8221;4.27.5&#8243; _module_preset=&#8221;default&#8221; global_colors_info=&#8221;{}&#8221; theme_builder_area=&#8221;post_content&#8221;][et_pb_column type=&#8221;1_3&#8243; _builder_version=&#8221;4.25.2&#8243; _module_preset=&#8221;b2afa376-ca13-4be9-8294-3d2b586e8a03&#8243; global_colors_info=&#8221;{}&#8221; theme_builder_area=&#8221;post_content&#8221;][et_pb_heading title=&#8221;Antonina Kraszewska&#8221; _builder_version=&#8221;4.25.2&#8243; _module_preset=&#8221;59f599c4-b01e-4a9b-a0a5-f7b3e354c75a&#8221; title_text_color=&#8221;#FFFFFF&#8221; custom_margin=&#8221;||10px||false|false&#8221; locked=&#8221;off&#8221; global_colors_info=&#8221;{}&#8221; theme_builder_area=&#8221;post_content&#8221;][\/et_pb_heading][et_pb_text _builder_version=&#8221;4.25.2&#8243; _module_preset=&#8221;a4d5bd0b-c6df-4efa-93df-b960974f4af4&#8243; locked=&#8221;off&#8221; global_colors_info=&#8221;{}&#8221; theme_builder_area=&#8221;post_content&#8221;]<\/p>\n<div class=\"unicamp-graphic-box content-wrap\">\n<div class=\"unicamp-graphic-content box-caption-wrap\">\n<div class=\"box-caption\">\n<div class=\"description\">zdoby\u0142a wyr\u00f3\u017cnienie w Mi\u0119dzyszkolnym Konkursie Czytelniczym &#8222;Astrid Lindgren i bohaterowie jej ksi\u0105\u017cek&#8221;.<\/div>\n<\/div>\n<\/div>\n<\/div>\n<p>[\/et_pb_text][\/et_pb_column][et_pb_column type=&#8221;1_3&#8243; _builder_version=&#8221;4.27.5&#8243; _module_preset=&#8221;b7833b95-2e9d-4a64-a14a-e265ab475b11&#8243; background_color=&#8221;#0C71C3&#8243; global_colors_info=&#8221;{}&#8221; theme_builder_area=&#8221;post_content&#8221;][et_pb_heading title=&#8221;Maksym Osak, Natalia Kostka, Piotr Jarz\u0105b i Szymon Wawrzyczek&#8221; _builder_version=&#8221;4.27.5&#8243; _module_preset=&#8221;59f599c4-b01e-4a9b-a0a5-f7b3e354c75a&#8221; title_text_color=&#8221;#FFFFFF&#8221; custom_margin=&#8221;||10px||false|false&#8221; global_colors_info=&#8221;{}&#8221; theme_builder_area=&#8221;post_content&#8221;][\/et_pb_heading][et_pb_text _builder_version=&#8221;4.27.5&#8243; _module_preset=&#8221;a4d5bd0b-c6df-4efa-93df-b960974f4af4&#8243; global_colors_info=&#8221;{}&#8221; theme_builder_area=&#8221;post_content&#8221;]<\/p>\n<div class=\"unicamp-graphic-box content-wrap\">\n<div class=\"unicamp-graphic-content box-caption-wrap\">\n<div class=\"box-caption\">\n<div class=\"description\">zaj\u0119li drugie miejsce w Igrzyskach Dzieci Miasta Cieszyna w Szachach.<\/div>\n<\/div>\n<\/div>\n<\/div>\n<p>[\/et_pb_text][\/et_pb_column][et_pb_column type=&#8221;1_3&#8243; _builder_version=&#8221;4.25.2&#8243; _module_preset=&#8221;52115fba-d092-4238-883d-5957f46de4ce&#8221; global_colors_info=&#8221;{}&#8221; theme_builder_area=&#8221;post_content&#8221;][et_pb_heading title=&#8221;Hania Niedzielska&#8221; _builder_version=&#8221;4.27.5&#8243; _module_preset=&#8221;59f599c4-b01e-4a9b-a0a5-f7b3e354c75a&#8221; title_text_color=&#8221;#0C71C3&#8243; custom_margin=&#8221;||10px||false|false&#8221; locked=&#8221;off&#8221; global_colors_info=&#8221;{}&#8221; theme_builder_area=&#8221;post_content&#8221;][\/et_pb_heading][et_pb_text _builder_version=&#8221;4.25.2&#8243; _module_preset=&#8221;6efb6bbd-12a1-4834-b469-9798f4a40b40&#8243; locked=&#8221;off&#8221; global_colors_info=&#8221;{}&#8221; theme_builder_area=&#8221;post_content&#8221;]<\/p>\n<div class=\"unicamp-graphic-box content-wrap\">\n<div class=\"unicamp-graphic-content box-caption-wrap\">\n<div class=\"box-caption\">\n<div class=\"description\">ALFIK HUMANISTYCZNY &#8211; 1 miejsce w wojew\u00f3dztwie i 1 miejsce w kraju (nagroda: wyjazd na ob\u00f3z naukowy w Serpelicach)<\/div>\n<\/div>\n<\/div>\n<\/div>\n<p>[\/et_pb_text][\/et_pb_column][\/et_pb_row][et_pb_row column_structure=&#8221;1_3,1_3,1_3&#8243; make_equal=&#8221;on&#8221; _builder_version=&#8221;4.27.5&#8243; _module_preset=&#8221;default&#8221; global_colors_info=&#8221;{}&#8221; theme_builder_area=&#8221;post_content&#8221;][et_pb_column type=&#8221;1_3&#8243; _builder_version=&#8221;4.25.2&#8243; _module_preset=&#8221;52115fba-d092-4238-883d-5957f46de4ce&#8221; global_colors_info=&#8221;{}&#8221; theme_builder_area=&#8221;post_content&#8221;][et_pb_heading title=&#8221;\u0141ukasz Kostka&#8221; _builder_version=&#8221;4.27.5&#8243; _module_preset=&#8221;59f599c4-b01e-4a9b-a0a5-f7b3e354c75a&#8221; title_text_color=&#8221;#0C71C3&#8243; custom_margin=&#8221;||10px||false|false&#8221; locked=&#8221;off&#8221; global_colors_info=&#8221;{}&#8221; theme_builder_area=&#8221;post_content&#8221;][\/et_pb_heading][et_pb_text _builder_version=&#8221;4.25.2&#8243; _module_preset=&#8221;6efb6bbd-12a1-4834-b469-9798f4a40b40&#8243; locked=&#8221;off&#8221; global_colors_info=&#8221;{}&#8221; theme_builder_area=&#8221;post_content&#8221;]<\/p>\n<div class=\"unicamp-graphic-box content-wrap\">\n<div class=\"unicamp-graphic-content box-caption-wrap\">\n<div class=\"box-caption\">\n<div class=\"description\">&#8211; ALFIK HUMANISTYCZNY &#8211; 7 miejsce w wojew\u00f3dztwie<\/div>\n<\/div>\n<\/div>\n<\/div>\n<p>[\/et_pb_text][\/et_pb_column][et_pb_column type=&#8221;1_3&#8243; _builder_version=&#8221;4.25.2&#8243; _module_preset=&#8221;b2afa376-ca13-4be9-8294-3d2b586e8a03&#8243; global_colors_info=&#8221;{}&#8221; theme_builder_area=&#8221;post_content&#8221;][et_pb_heading title=&#8221;\u0141ukasz Kostka i Hania Niedzielska&#8221; _builder_version=&#8221;4.27.5&#8243; _module_preset=&#8221;59f599c4-b01e-4a9b-a0a5-f7b3e354c75a&#8221; title_text_color=&#8221;#FFFFFF&#8221; custom_margin=&#8221;||10px||false|false&#8221; locked=&#8221;off&#8221; global_colors_info=&#8221;{}&#8221; theme_builder_area=&#8221;post_content&#8221;][\/et_pb_heading][et_pb_text _builder_version=&#8221;4.25.2&#8243; _module_preset=&#8221;a4d5bd0b-c6df-4efa-93df-b960974f4af4&#8243; locked=&#8221;off&#8221; global_colors_info=&#8221;{}&#8221; theme_builder_area=&#8221;post_content&#8221;]<\/p>\n<div class=\"unicamp-graphic-box content-wrap\">\n<div class=\"unicamp-graphic-content box-caption-wrap\">\n<div class=\"box-caption\">\n<div class=\"description\">wyr\u00f3\u017cnienia Hania Niedzielska &#8211; ALFIK MATEMATYCZNY &#8211; 10 miejsce w wojew\u00f3dztwie Hania Niedzielska &#8211; KONKURS MAT &#8211; 2 miejsce w wojew\u00f3dztwie \u0141ukasz Kostka &#8211; KONKURS MAT &#8211; 4 miejsce w wojew\u00f3dztwie<\/div>\n<\/div>\n<\/div>\n<\/div>\n<p>[\/et_pb_text][\/et_pb_column][et_pb_column type=&#8221;1_3&#8243; _builder_version=&#8221;4.27.5&#8243; _module_preset=&#8221;b7833b95-2e9d-4a64-a14a-e265ab475b11&#8243; background_color=&#8221;#0C71C3&#8243; global_colors_info=&#8221;{}&#8221; theme_builder_area=&#8221;post_content&#8221;][et_pb_heading title=&#8221;Jakub Og\u00f3rek&#8221; _builder_version=&#8221;4.27.5&#8243; _module_preset=&#8221;59f599c4-b01e-4a9b-a0a5-f7b3e354c75a&#8221; title_text_color=&#8221;#FFFFFF&#8221; custom_margin=&#8221;||10px||false|false&#8221; global_colors_info=&#8221;{}&#8221; theme_builder_area=&#8221;post_content&#8221;][\/et_pb_heading][et_pb_text _builder_version=&#8221;4.27.5&#8243; _module_preset=&#8221;a4d5bd0b-c6df-4efa-93df-b960974f4af4&#8243; global_colors_info=&#8221;{}&#8221; theme_builder_area=&#8221;post_content&#8221;]<\/p>\n<div class=\"unicamp-graphic-box content-wrap\">\n<div class=\"unicamp-graphic-content box-caption-wrap\">\n<div class=\"box-caption\">\n<div class=\"description\">zosta\u0142 Finalist\u0105 Mi\u0119dzynarodowego Ekumenicznego Konkursu Wiedzy Biblijnej &#8222;Jonasz&#8221;<\/div>\n<\/div>\n<\/div>\n<\/div>\n<p>[\/et_pb_text][\/et_pb_column][\/et_pb_row][et_pb_row column_structure=&#8221;1_3,1_3,1_3&#8243; make_equal=&#8221;on&#8221; _builder_version=&#8221;4.27.5&#8243; _module_preset=&#8221;default&#8221; global_colors_info=&#8221;{}&#8221; theme_builder_area=&#8221;post_content&#8221;][et_pb_column type=&#8221;1_3&#8243; _builder_version=&#8221;4.27.5&#8243; _module_preset=&#8221;b7833b95-2e9d-4a64-a14a-e265ab475b11&#8243; background_color=&#8221;#0C71C3&#8243; global_colors_info=&#8221;{}&#8221; theme_builder_area=&#8221;post_content&#8221;][et_pb_heading title=&#8221;Hania Niedzielska i Szymon Mirga&#8221; _builder_version=&#8221;4.27.5&#8243; _module_preset=&#8221;59f599c4-b01e-4a9b-a0a5-f7b3e354c75a&#8221; title_text_color=&#8221;#FFFFFF&#8221; custom_margin=&#8221;||10px||false|false&#8221; global_colors_info=&#8221;{}&#8221; theme_builder_area=&#8221;post_content&#8221;][\/et_pb_heading][et_pb_text _builder_version=&#8221;4.27.5&#8243; _module_preset=&#8221;a4d5bd0b-c6df-4efa-93df-b960974f4af4&#8243; global_colors_info=&#8221;{}&#8221; theme_builder_area=&#8221;post_content&#8221;]<\/p>\n<div class=\"unicamp-graphic-box content-wrap\">\n<div class=\"unicamp-graphic-content box-caption-wrap\">\n<div class=\"box-caption\">\n<div class=\"description\">&#8211; Mi\u0119dzyszkolny konkurs &#8222;Wyprawa na wyspy wiedzy&#8221;: tytu\u0142 Mistrzowie Ortografii<\/div>\n<\/div>\n<\/div>\n<\/div>\n<p>[\/et_pb_text][\/et_pb_column][et_pb_column type=&#8221;1_3&#8243; _builder_version=&#8221;4.25.2&#8243; _module_preset=&#8221;52115fba-d092-4238-883d-5957f46de4ce&#8221; global_colors_info=&#8221;{}&#8221; theme_builder_area=&#8221;post_content&#8221;][et_pb_heading title=&#8221;Hania Niedzielska&#8221; _builder_version=&#8221;4.27.5&#8243; _module_preset=&#8221;59f599c4-b01e-4a9b-a0a5-f7b3e354c75a&#8221; title_text_color=&#8221;#0C71C3&#8243; custom_margin=&#8221;||10px||false|false&#8221; locked=&#8221;off&#8221; global_colors_info=&#8221;{}&#8221; theme_builder_area=&#8221;post_content&#8221;][\/et_pb_heading][et_pb_text _builder_version=&#8221;4.25.2&#8243; _module_preset=&#8221;6efb6bbd-12a1-4834-b469-9798f4a40b40&#8243; locked=&#8221;off&#8221; global_colors_info=&#8221;{}&#8221; theme_builder_area=&#8221;post_content&#8221;]<\/p>\n<div class=\"unicamp-graphic-box content-wrap\">\n<div class=\"unicamp-graphic-content box-caption-wrap\">\n<div class=\"box-caption\">\n<div class=\"description\">Mi\u0119dzyszkolny konkurs &#8222;Wyprawa na wyspy wiedzy&#8221;: tytu\u0142 Mistrza tabliczki mno\u017cenia Sukcesy z j\u0119zyka niemieckiego: Mi\u0119dzyszkolny konkurs j\u0119zykowy &#8222;Poka\u017c sw\u00f3j j\u0119zyk&#8221; &#8211; 2 miejsce<\/div>\n<\/div>\n<\/div>\n<\/div>\n<p>[\/et_pb_text][\/et_pb_column][et_pb_column type=&#8221;1_3&#8243; _builder_version=&#8221;4.25.2&#8243; _module_preset=&#8221;b2afa376-ca13-4be9-8294-3d2b586e8a03&#8243; global_colors_info=&#8221;{}&#8221; theme_builder_area=&#8221;post_content&#8221;][et_pb_heading title=&#8221;Kamil Chmiel&#8221; _builder_version=&#8221;4.27.5&#8243; _module_preset=&#8221;59f599c4-b01e-4a9b-a0a5-f7b3e354c75a&#8221; title_text_color=&#8221;#FFFFFF&#8221; custom_margin=&#8221;||10px||false|false&#8221; hover_enabled=&#8221;0&#8243; locked=&#8221;off&#8221; global_colors_info=&#8221;{}&#8221; theme_builder_area=&#8221;post_content&#8221; sticky_enabled=&#8221;0&#8243;][\/et_pb_heading][et_pb_text _builder_version=&#8221;4.25.2&#8243; _module_preset=&#8221;a4d5bd0b-c6df-4efa-93df-b960974f4af4&#8243; locked=&#8221;off&#8221; global_colors_info=&#8221;{}&#8221; theme_builder_area=&#8221;post_content&#8221;]<\/p>\n<div class=\"unicamp-graphic-box content-wrap\">\n<div class=\"unicamp-graphic-content box-caption-wrap\">\n<div class=\"box-caption\">\n<div class=\"description\">Sukcesy z j\u0119zyka niemieckiego: Mi\u0119dzyszkolny konkurs j\u0119zykowy &#8222;Poka\u017c sw\u00f3j j\u0119zyk&#8221; &#8211; 3 miejsce<\/div>\n<\/div>\n<\/div>\n<\/div>\n<p>[\/et_pb_text][\/et_pb_column][\/et_pb_row][et_pb_row column_structure=&#8221;1_2,1_2&#8243; make_equal=&#8221;on&#8221; _builder_version=&#8221;4.27.5&#8243; _module_preset=&#8221;default&#8221; hover_enabled=&#8221;0&#8243; global_colors_info=&#8221;{}&#8221; theme_builder_area=&#8221;post_content&#8221; sticky_enabled=&#8221;0&#8243;][et_pb_column type=&#8221;1_2&#8243; _builder_version=&#8221;4.25.2&#8243; _module_preset=&#8221;b2afa376-ca13-4be9-8294-3d2b586e8a03&#8243; global_colors_info=&#8221;{}&#8221; theme_builder_area=&#8221;post_content&#8221;][et_pb_heading title=&#8221;Hanna Matus&#8221; _builder_version=&#8221;4.27.5&#8243; _module_preset=&#8221;59f599c4-b01e-4a9b-a0a5-f7b3e354c75a&#8221; title_text_color=&#8221;#FFFFFF&#8221; custom_margin=&#8221;||10px||false|false&#8221; hover_enabled=&#8221;0&#8243; locked=&#8221;off&#8221; global_colors_info=&#8221;{}&#8221; theme_builder_area=&#8221;post_content&#8221; sticky_enabled=&#8221;0&#8243;][\/et_pb_heading][et_pb_text _builder_version=&#8221;4.27.5&#8243; _module_preset=&#8221;a4d5bd0b-c6df-4efa-93df-b960974f4af4&#8243; locked=&#8221;off&#8221; global_colors_info=&#8221;{}&#8221; theme_builder_area=&#8221;post_content&#8221;]<\/p>\n<div class=\"unicamp-graphic-box content-wrap\">\n<div class=\"unicamp-graphic-content box-caption-wrap\">\n<div class=\"box-caption\">\n<div class=\"description\">\n<div class=\"unicamp-graphic-box content-wrap\">\n<div class=\"unicamp-graphic-content box-caption-wrap\">\n<div class=\"box-caption\">\n<div class=\"description\">z klasy 8a Egzamin pa\u0144stwowy &#8222;Fit in Deutsch 1&#8221; organizowany przez Goethe Instytut:<\/div>\n<\/div>\n<\/div>\n<\/div>\n<\/div>\n<\/div>\n<\/div>\n<\/div>\n<p>[\/et_pb_text][\/et_pb_column][et_pb_column type=&#8221;1_2&#8243; _builder_version=&#8221;4.27.5&#8243; _module_preset=&#8221;b7833b95-2e9d-4a64-a14a-e265ab475b11&#8243; background_color=&#8221;#0C71C3&#8243; global_colors_info=&#8221;{}&#8221; theme_builder_area=&#8221;post_content&#8221;][et_pb_heading title=&#8221;Zofia Surzycka, Marta Dzi\u0119giel, Paulina Gansel&#8221; _builder_version=&#8221;4.27.5&#8243; _module_preset=&#8221;59f599c4-b01e-4a9b-a0a5-f7b3e354c75a&#8221; title_text_color=&#8221;#FFFFFF&#8221; custom_margin=&#8221;||10px||false|false&#8221; hover_enabled=&#8221;0&#8243; global_colors_info=&#8221;{}&#8221; theme_builder_area=&#8221;post_content&#8221; sticky_enabled=&#8221;0&#8243;][\/et_pb_heading][et_pb_text _builder_version=&#8221;4.27.5&#8243; _module_preset=&#8221;a4d5bd0b-c6df-4efa-93df-b960974f4af4&#8243; global_colors_info=&#8221;{}&#8221; theme_builder_area=&#8221;post_content&#8221;]<\/p>\n<div class=\"unicamp-graphic-box content-wrap\">\n<div class=\"unicamp-graphic-content box-caption-wrap\">\n<div class=\"box-caption\">\n<div class=\"description\">\n<div class=\"unicamp-graphic-box content-wrap\">\n<div class=\"unicamp-graphic-content box-caption-wrap\">\n<div class=\"box-caption\">\n<div class=\"description\">z klasy 6<\/div>\n<\/div>\n<\/div>\n<\/div>\n<\/div>\n<\/div>\n<\/div>\n<\/div>\n<p>[\/et_pb_text][\/et_pb_column][\/et_pb_row][\/et_pb_section]<\/p>\n","protected":false},"excerpt":{"rendered":"<p>zdoby\u0142y wyr\u00f3\u017cnienie w Mi\u0119dzyszkolnym Konkursie aktorsko-recytatorskim &#8222;Bawimy si\u0119 s\u0142owami&#8221;. w Og\u00f3lnopolskich Konkursach Matematycznych &#8222;Alfik&#8221; i &#8222;Kangur&#8221; zdobyli wynik bardzo dobry. zdoby\u0142a nagrod\u0119 Grand Prix w Diecezjalnym Konkursie Pie\u015bni Patriotycznej oraz w Mi\u0119dzynarodowym Ekumenicznym Konkursie Piosenki &#8222;Jonasz&#8221;. zdoby\u0142a wyr\u00f3\u017cnienie w Mi\u0119dzyszkolnym Konkursie Czytelniczym &#8222;Astrid Lindgren i bohaterowie jej ksi\u0105\u017cek&#8221;. zaj\u0119li drugie miejsce w Igrzyskach Dzieci Miasta [&hellip;]<\/p>\n","protected":false},"author":4,"featured_media":0,"parent":0,"menu_order":0,"comment_status":"closed","ping_status":"closed","template":"","meta":{"_et_pb_use_builder":"on","_et_pb_old_content":"","_et_gb_content_width":"","footnotes":""},"class_list":["post-478","page","type-page","status-publish","hentry"],"_links":{"self":[{"href":"https:\/\/kspcieszyn.diecezjabielsko.pl\/index.php\/wp-json\/wp\/v2\/pages\/478","targetHints":{"allow":["GET"]}}],"collection":[{"href":"https:\/\/kspcieszyn.diecezjabielsko.pl\/index.php\/wp-json\/wp\/v2\/pages"}],"about":[{"href":"https:\/\/kspcieszyn.diecezjabielsko.pl\/index.php\/wp-json\/wp\/v2\/types\/page"}],"author":[{"embeddable":true,"href":"https:\/\/kspcieszyn.diecezjabielsko.pl\/index.php\/wp-json\/wp\/v2\/users\/4"}],"replies":[{"embeddable":true,"href":"https:\/\/kspcieszyn.diecezjabielsko.pl\/index.php\/wp-json\/wp\/v2\/comments?post=478"}],"version-history":[{"count":3,"href":"https:\/\/kspcieszyn.diecezjabielsko.pl\/index.php\/wp-json\/wp\/v2\/pages\/478\/revisions"}],"predecessor-version":[{"id":764,"href":"https:\/\/kspcieszyn.diecezjabielsko.pl\/index.php\/wp-json\/wp\/v2\/pages\/478\/revisions\/764"}],"wp:attachment":[{"href":"https:\/\/kspcieszyn.diecezjabielsko.pl\/index.php\/wp-json\/wp\/v2\/media?parent=478"}],"curies":[{"name":"wp","href":"https:\/\/api.w.org\/{rel}","templated":true}]}}