{"id":359,"date":"2026-01-11T20:43:51","date_gmt":"2026-01-11T19:43:51","guid":{"rendered":"https:\/\/kspc.diecezjabielsko.pl\/?page_id=359"},"modified":"2026-01-15T20:06:54","modified_gmt":"2026-01-15T19:06:54","slug":"nasz-patron-swieta-rodzina","status":"publish","type":"page","link":"https:\/\/kspcieszyn.diecezjabielsko.pl\/index.php\/nasz-patron-swieta-rodzina\/","title":{"rendered":"Nasz Patron &#8222;\u015awi\u0119ta Rodzina&#8221;"},"content":{"rendered":"<p>[et_pb_section fb_built=&#8221;1&#8243; admin_label=&#8221;Video&#8221; _builder_version=&#8221;4.25.1&#8243; _module_preset=&#8221;default&#8221; locked=&#8221;off&#8221; collapsed=&#8221;on&#8221;][et_pb_row _builder_version=&#8221;4.27.5&#8243; _module_preset=&#8221;default&#8221; global_colors_info=&#8221;{}&#8221;][et_pb_column type=&#8221;4_4&#8243; _builder_version=&#8221;4.27.5&#8243; _module_preset=&#8221;default&#8221; global_colors_info=&#8221;{}&#8221;][et_pb_post_title _builder_version=&#8221;4.27.5&#8243; _module_preset=&#8221;default&#8221; global_colors_info=&#8221;{}&#8221;][\/et_pb_post_title][\/et_pb_column][\/et_pb_row][et_pb_row column_structure=&#8221;1_2,1_2&#8243; _builder_version=&#8221;4.25.1&#8243; _module_preset=&#8221;default&#8221; locked=&#8221;off&#8221; global_colors_info=&#8221;{}&#8221;][et_pb_column type=&#8221;1_2&#8243; _builder_version=&#8221;4.25.1&#8243; _module_preset=&#8221;default&#8221; global_colors_info=&#8221;{}&#8221;][et_pb_heading title=&#8221;Dobrze wykszta\u0142ci\u0107, m\u0105drze wychowa\u0107.&#8221; _builder_version=&#8221;4.27.5&#8243; _module_preset=&#8221;0282dd0d-8e79-4977-96d2-ef98d6d3d069&#8243; custom_margin=&#8221;||10px||false|false&#8221; global_colors_info=&#8221;{}&#8221;][\/et_pb_heading][et_pb_text _builder_version=&#8221;4.27.5&#8243; _module_preset=&#8221;6efb6bbd-12a1-4834-b469-9798f4a40b40&#8243; custom_margin=&#8221;||10px||false|false&#8221; global_colors_info=&#8221;{}&#8221; custom_padding=&#8221;2px|||||&#8221;]<\/p>\n<p data-start=\"0\" data-end=\"477\" style=\"text-align: justify;\">Jak dzi\u015b m\u00f3wi\u0107 o rodzinie, \u017ceby nie popa\u015b\u0107 ani w bana\u0142, ani w moralizowanie? Chyba wci\u0105\u017c dobrym sposobem jest analogia \u2014 obraz, kt\u00f3ry nie zamyka tematu, ale pozwala go lepiej zrozumie\u0107. Kiedy my\u015bl\u0119 o rodzinie, nie staje mi przed oczami idealny obrazek ani zbi\u00f3r gotowych definicji. Rodzi si\u0119 raczej pewne do\u015bwiadczenie, bardzo ludzka intuicja. <strong data-start=\"344\" data-end=\"383\">Z rodzin\u0105 jest jak z wypraw\u0105 w g\u00f3ry<\/strong> \u2014 i przez ten obraz naj\u0142atwiej mi opisa\u0107 to, co naprawd\u0119 nosz\u0119 w sercu, gdy my\u015bl\u0119 o rodzinie.<\/p>\n<p data-start=\"479\" data-end=\"919\" style=\"text-align: justify;\">Rodzina jest jak wsp\u00f3lna g\u00f3rska wyprawa, na kt\u00f3r\u0105 nikt nie wyrusza sam. To nie jest hotel z pe\u0142nym komfortem, ale dobrze dobrany zesp\u00f3\u0142: z map\u0105, lin\u0105 i wzajemnym zaufaniem. Ka\u017cdy niesie sw\u00f3j plecak, ka\u017cdy czasem s\u0142abnie, ale sens drogi polega na tym, \u017ce idziemy razem. W rodzinie uczymy si\u0119 mi\u0142o\u015bci rozumianej nie jako chwilowego zachwytu, lecz jako umiej\u0119tno\u015bci podtrzymywania tempa, dodawania odwagi i rado\u015bci z tego, \u017ce cel jest wsp\u00f3lny.<\/p>\n<p data-start=\"921\" data-end=\"1355\" data-is-last-node=\"\" data-is-only-node=\"\" style=\"text-align: justify;\">Dobre pytanie o blisko\u015b\u0107 nie brzmi wi\u0119c: czy b\u0119dzie \u0142atwo i bezpiecznie, ale: czy potrafimy si\u0119 nawzajem prowadzi\u0107 ku g\u00f3rze. Czy w chwilach zw\u0105tpienia przypomnisz mi, dok\u0105d idziemy, a ja podam Ci r\u0119k\u0119, gdy zabraknie si\u0142. Rodzina to przestrze\u0144, w kt\u00f3rej sukces jednego cieszy wszystkich, a s\u0142abo\u015b\u0107 nie wyklucza, lecz zbli\u017ca. To droga, na kt\u00f3rej nawet codzienno\u015b\u0107 \u2014 czasem trudna i wymagaj\u0105ca \u2014 nabiera sensu, bo nikt nie idzie ni\u0105 sam.<\/p>\n<p>[\/et_pb_text][\/et_pb_column][et_pb_column type=&#8221;1_2&#8243; _builder_version=&#8221;4.25.1&#8243; _module_preset=&#8221;default&#8221; global_colors_info=&#8221;{}&#8221;][et_pb_image src=&#8221;https:\/\/kspcieszyn.diecezjabielsko.pl\/wp-content\/uploads\/2026\/01\/Zapraszam-1.png&#8221; title_text=&#8221;Zapraszam&#8221; _builder_version=&#8221;4.27.5&#8243; _module_preset=&#8221;default&#8221; global_colors_info=&#8221;{}&#8221;][\/et_pb_image][\/et_pb_column][\/et_pb_row][\/et_pb_section]<\/p>\n","protected":false},"excerpt":{"rendered":"<p>Jak dzi\u015b m\u00f3wi\u0107 o rodzinie, \u017ceby nie popa\u015b\u0107 ani w bana\u0142, ani w moralizowanie? Chyba wci\u0105\u017c dobrym sposobem jest analogia \u2014 obraz, kt\u00f3ry nie zamyka tematu, ale pozwala go lepiej zrozumie\u0107. Kiedy my\u015bl\u0119 o rodzinie, nie staje mi przed oczami idealny obrazek ani zbi\u00f3r gotowych definicji. Rodzi si\u0119 raczej pewne do\u015bwiadczenie, bardzo ludzka intuicja. Z [&hellip;]<\/p>\n","protected":false},"author":4,"featured_media":0,"parent":0,"menu_order":0,"comment_status":"closed","ping_status":"closed","template":"","meta":{"_et_pb_use_builder":"on","_et_pb_old_content":"","_et_gb_content_width":"","footnotes":""},"class_list":["post-359","page","type-page","status-publish","hentry"],"_links":{"self":[{"href":"https:\/\/kspcieszyn.diecezjabielsko.pl\/index.php\/wp-json\/wp\/v2\/pages\/359","targetHints":{"allow":["GET"]}}],"collection":[{"href":"https:\/\/kspcieszyn.diecezjabielsko.pl\/index.php\/wp-json\/wp\/v2\/pages"}],"about":[{"href":"https:\/\/kspcieszyn.diecezjabielsko.pl\/index.php\/wp-json\/wp\/v2\/types\/page"}],"author":[{"embeddable":true,"href":"https:\/\/kspcieszyn.diecezjabielsko.pl\/index.php\/wp-json\/wp\/v2\/users\/4"}],"replies":[{"embeddable":true,"href":"https:\/\/kspcieszyn.diecezjabielsko.pl\/index.php\/wp-json\/wp\/v2\/comments?post=359"}],"version-history":[{"count":5,"href":"https:\/\/kspcieszyn.diecezjabielsko.pl\/index.php\/wp-json\/wp\/v2\/pages\/359\/revisions"}],"predecessor-version":[{"id":828,"href":"https:\/\/kspcieszyn.diecezjabielsko.pl\/index.php\/wp-json\/wp\/v2\/pages\/359\/revisions\/828"}],"wp:attachment":[{"href":"https:\/\/kspcieszyn.diecezjabielsko.pl\/index.php\/wp-json\/wp\/v2\/media?parent=359"}],"curies":[{"name":"wp","href":"https:\/\/api.w.org\/{rel}","templated":true}]}}